[INFO] fetching crate fulgurobot_db 0.4.5...
[INFO] checking fulgurobot_db-0.4.5 against master#cfbc6d4cf1acbac5c025acf8ed68929caa551df3 for pr-75494-beta
[INFO] extracting crate fulgurobot_db 0.4.5 into /workspace/builds/worker-9/source
[INFO] validating manifest of crates.io crate fulgurobot_db 0.4.5 on toolchain cfbc6d4cf1acbac5c025acf8ed68929caa551df3
[INFO] running `Command { std: "/workspace/cargo-home/bin/cargo" "+cfbc6d4cf1acbac5c025acf8ed68929caa551df3" "read-manifest" "--manifest-path" "Cargo.toml", kill_on_drop: false }`
[INFO] started tweaking crates.io crate fulgurobot_db 0.4.5
[INFO] finished tweaking crates.io crate fulgurobot_db 0.4.5
[INFO] tweaked toml for crates.io crate fulgurobot_db 0.4.5 written to /workspace/builds/worker-9/source/Cargo.toml
[INFO] running `Command { std: "/workspace/cargo-home/bin/cargo" "+cfbc6d4cf1acbac5c025acf8ed68929caa551df3" "generate-lockfile" "--manifest-path" "Cargo.toml" "-Zno-index-update", kill_on_drop: false }`
[INFO] [stderr]     Blocking waiting for file lock on package cache
[INFO] running `Command { std: "/workspace/cargo-home/bin/cargo" "+cfbc6d4cf1acbac5c025acf8ed68929caa551df3" "fetch" "--locked" "--manifest-path" "Cargo.toml", kill_on_drop: false }`
[INFO] [stderr]     Blocking waiting for file lock on package cache
[INFO] [stderr]     Blocking waiting for file lock on package cache
[INFO] running `Command { std: "docker" "create" "-v" "/var/lib/crater-agent-workspace/builds/worker-9/target:/opt/rustwide/target:rw,Z" "-v" "/var/lib/crater-agent-workspace/builds/worker-9/source:/opt/rustwide/workdir:ro,Z" "-v" "/var/lib/crater-agent-workspace/cargo-home:/opt/rustwide/cargo-home:ro,Z" "-v" "/var/lib/crater-agent-workspace/rustup-home:/opt/rustwide/rustup-home:ro,Z" "-e" "SOURCE_DIR=/opt/rustwide/workdir" "-e" "CARGO_TARGET_DIR=/opt/rustwide/target" "-e" "CARGO_HOME=/opt/rustwide/cargo-home" "-e" "RUSTUP_HOME=/opt/rustwide/rustup-home" "-w" "/opt/rustwide/workdir" "-m" "1610612736" "--user" "0:0" "--network" "none" "rustops/crates-build-env@sha256:a636fd89d022f18117e1dc8fb37a0a009933cdbbe082814857f0e2024962d47c" "/opt/rustwide/cargo-home/bin/cargo" "+cfbc6d4cf1acbac5c025acf8ed68929caa551df3" "metadata" "--no-deps" "--format-version=1", kill_on_drop: false }`
[INFO] [stdout] 78270a07eec6fcd78c458bfcb7ca47575732a8269f9ba1b8325bc3d26aef7101
[INFO] [stderr] WARNING: Your kernel does not support swap limit capabilities or the cgroup is not mounted. Memory limited without swap.
[INFO] running `Command { std: "docker" "start" "-a" "78270a07eec6fcd78c458bfcb7ca47575732a8269f9ba1b8325bc3d26aef7101", kill_on_drop: false }`
[INFO] running `Command { std: "docker" "inspect" "78270a07eec6fcd78c458bfcb7ca47575732a8269f9ba1b8325bc3d26aef7101", kill_on_drop: false }`
[INFO] running `Command { std: "docker" "rm" "-f" "78270a07eec6fcd78c458bfcb7ca47575732a8269f9ba1b8325bc3d26aef7101", kill_on_drop: false }`
[INFO] [stdout] 78270a07eec6fcd78c458bfcb7ca47575732a8269f9ba1b8325bc3d26aef7101
[INFO] running `Command { std: "docker" "create" "-v" "/var/lib/crater-agent-workspace/builds/worker-9/target:/opt/rustwide/target:rw,Z" "-v" "/var/lib/crater-agent-workspace/builds/worker-9/source:/opt/rustwide/workdir:ro,Z" "-v" "/var/lib/crater-agent-workspace/cargo-home:/opt/rustwide/cargo-home:ro,Z" "-v" "/var/lib/crater-agent-workspace/rustup-home:/opt/rustwide/rustup-home:ro,Z" "-e" "SOURCE_DIR=/opt/rustwide/workdir" "-e" "CARGO_TARGET_DIR=/opt/rustwide/target" "-e" "CARGO_INCREMENTAL=0" "-e" "RUST_BACKTRACE=full" "-e" "RUSTFLAGS=--cap-lints=forbid" "-e" "CARGO_HOME=/opt/rustwide/cargo-home" "-e" "RUSTUP_HOME=/opt/rustwide/rustup-home" "-w" "/opt/rustwide/workdir" "-m" "1610612736" "--user" "0:0" "--network" "none" "rustops/crates-build-env@sha256:a636fd89d022f18117e1dc8fb37a0a009933cdbbe082814857f0e2024962d47c" "/opt/rustwide/cargo-home/bin/cargo" "+cfbc6d4cf1acbac5c025acf8ed68929caa551df3" "check" "--frozen" "--all" "--all-targets" "--message-format=json", kill_on_drop: false }`
[INFO] [stdout] 461e0bf68a6ad873c7be4787f0e92f8f5891d742cbb2ba58c0039eb47bf80152
[INFO] [stderr] WARNING: Your kernel does not support swap limit capabilities or the cgroup is not mounted. Memory limited without swap.
[INFO] running `Command { std: "docker" "start" "-a" "461e0bf68a6ad873c7be4787f0e92f8f5891d742cbb2ba58c0039eb47bf80152", kill_on_drop: false }`
[INFO] [stderr]    Compiling proc-macro2 v1.0.19
[INFO] [stderr]    Compiling unicode-xid v0.2.1
[INFO] [stderr]    Compiling libc v0.2.76
[INFO] [stderr]    Compiling memchr v2.3.3
[INFO] [stderr]     Checking gimli v0.22.0
[INFO] [stderr]     Checking adler v0.2.3
[INFO] [stderr]    Compiling failure_derive v0.1.8
[INFO] [stderr]     Checking object v0.20.0
[INFO] [stderr]     Checking rustc-demangle v0.1.16
[INFO] [stderr]    Compiling byteorder v1.3.4
[INFO] [stderr]     Checking lazy_static v1.4.0
[INFO] [stderr]     Checking cfg-if v0.1.10
[INFO] [stderr]     Checking regex-syntax v0.6.18
[INFO] [stderr]    Compiling libsqlite3-sys v0.18.0
[INFO] [stderr]     Checking thread_local v1.0.1
[INFO] [stderr]     Checking miniz_oxide v0.4.0
[INFO] [stderr]     Checking aho-corasick v0.7.13
[INFO] [stderr]    Compiling quote v1.0.7
[INFO] [stderr]    Compiling syn v1.0.39
[INFO] [stderr]     Checking regex v1.3.9
[INFO] [stderr]     Checking addr2line v0.13.0
[INFO] [stderr]     Checking backtrace v0.3.50
[INFO] [stderr]    Compiling synstructure v0.12.4
[INFO] [stderr]    Compiling diesel_derives v1.4.1
[INFO] [stderr]     Checking failure v0.1.8
[INFO] [stderr]     Checking dotenv v0.14.1
[INFO] [stderr]     Checking diesel v1.4.5
[INFO] [stderr]     Checking fulgurobot_db v0.4.5 (/opt/rustwide/workdir)
[INFO] [stdout] error[E0308]: mismatched types
[INFO] [stdout]    --> src/lib.rs:227:17
[INFO] [stdout]     |
[INFO] [stdout] 227 |     create_user(0, "Romain Fecher".to_string(), &conn);
[INFO] [stdout]     |                 ^
[INFO] [stdout]     |                 |
[INFO] [stdout]     |                 expected struct `std::string::String`, found integer
[INFO] [stdout]     |                 help: try using a conversion method: `0.to_string()`
[INFO] [stdout] 
[INFO] [stdout] 
[INFO] [stdout] error[E0308]: mismatched types
[INFO] [stdout]    --> src/lib.rs:228:13
[INFO] [stdout]     |
[INFO] [stdout] 228 |     add_bet(0, "gne".to_string(), "gne".to_string(), 42, "blanc".to_string(), &conn);
[INFO] [stdout]     |             ^
[INFO] [stdout]     |             |
[INFO] [stdout]     |             expected struct `std::string::String`, found integer
[INFO] [stdout]     |             help: try using a conversion method: `0.to_string()`
[INFO] [stdout] 
[INFO] [stdout] 
[INFO] [stdout] error[E0308]: mismatched types
[INFO] [stdout]    --> src/lib.rs:231:13
[INFO] [stdout]     |
[INFO] [stdout] 231 |         id: 0,
[INFO] [stdout]     |             ^
[INFO] [stdout]     |             |
[INFO] [stdout]     |             expected struct `std::string::String`, found integer
[INFO] [stdout]     |             help: try using a conversion method: `0.to_string()`
[INFO] [stdout] 
[INFO] [stdout] 
[INFO] [stdout] error: aborting due to 3 previous errors
[INFO] [stdout] 
[INFO] [stdout] 
[INFO] [stdout] For more information about this error, try `rustc --explain E0308`.
[INFO] [stdout] 
[INFO] [stderr] error: could not compile `fulgurobot_db`.
[INFO] [stderr] 
[INFO] [stderr] To learn more, run the command again with --verbose.
[INFO] [stderr] warning: build failed, waiting for other jobs to finish...
[INFO] [stderr] error: build failed
[INFO] running `Command { std: "docker" "inspect" "461e0bf68a6ad873c7be4787f0e92f8f5891d742cbb2ba58c0039eb47bf80152", kill_on_drop: false }`
[INFO] running `Command { std: "docker" "rm" "-f" "461e0bf68a6ad873c7be4787f0e92f8f5891d742cbb2ba58c0039eb47bf80152", kill_on_drop: false }`
[INFO] [stdout] 461e0bf68a6ad873c7be4787f0e92f8f5891d742cbb2ba58c0039eb47bf80152
